 d - 655 = 0, f - 6*d - u = -3*d. List the prime factors of f.
2, 5, 11
Let v be 16/(-144)*-21 + (-1)/3. List the prime factors of (0 - v)/(14/(-11592)).
2, 3, 23
Let i(j) = j**3 + 8*j**2 - 11*j - 13. Let q be i(-9). Suppose 10*w = q*w + 200. List the prime factors of w*(108/16)/3.
2, 3, 5
Suppose -374 = -5*j + 4*j. Let g = j - 157. Suppose 3*p = 4*d - 75 - g, 2*p = -d + 73. List the prime factors of d.
73
Suppose -2*v + 4*c + 642 = 0, -2*v - 13*c = -15*c - 636. Suppose -v*l + 297*l = -25830. List the prime factors of l.
5, 7, 41
Suppose -5*c + 4*w - 140 = -2*c, 2*c + 3*w + 82 = 0. Let b = c + 47. Suppose 0*h + 3*h - 73 = -5*m, b*m = -5*h + 111. What are the prime factors of h?
3, 7
Let b be (5 + -10 + 5)/(4/2). Suppose 3*i = -5*f + 2882, i - 5*f - 834 - 160 = b. What are the prime factors of i?
3, 17, 19
Let u = 3 - 0. Let p be 1575/18 - 5/(-2). Suppose u*h - 53 = -5*o + 183, p = 2*o - h. What are the prime factors of o?
2, 23
Let t(m) = 218*m + 141*m + 1654 - 1638. What are the prime factors of t(4)?
2, 3, 11
Suppose 0 = -h + 5*m + 24032, -449*h + 448*h - 4*m + 24068 = 0. List the prime factors of h.
2, 7, 859
Let r(s) = s**3 - 3*s**2 + s - 2. Let u be r(5). Let o = u - 41. What are the prime factors of 303/6 + 6/o?
3, 17
Let x(k) = 17*k - 54. Let q be -4*((-2)/(-5) - (-13)/(-20)). Let h(d) = 10*d**3 + d**2 - d. Let b be h(q). What are the prime factors of x(b)?
2, 29
Let i(b) = 867*b - 4530. List the prime factors of i(22).
2, 3, 101
Let t = 419 + -419. List the prime factors of (88 - -1) + (t - 1/(-1)).
2, 3, 5
Let f(h) = -h**3 - 28*h**2 + 44*h - 347. List the prime factors of f(-41).
2, 9851
Suppose -3*j - 32 = -t, 5*t + j - 231 = -23. Suppose 0 = -t*a + 43*a - 18. Suppose -13*u + 324 = -a*u. List the prime factors of u.
3
Suppose -8*c = -10*c + 5*k + 4501, -2*k = -2*c + 4492. What are the prime factors of c?
2243
Suppose 0 = -3*b + 8*b - 745. Suppose -z - 2 = -0*z, b = -5*h - 2*z. Let a = h + 83. What are the prime factors of a?
2, 3
Let f(d) = d**3 + 45*d**2 + 6*d - 761. List the prime factors of f(-30).
19, 661
Suppose -3*d - 72 = 5*y - 2*y, 2*d + 24 = 4*y. Let u be (-10)/(-25) - 32/d. Suppose -5*c + 1383 = -u*j, -2*c + 0*j - 4*j = -558. List the prime factors of c.
277
Let i be (-45)/(-2) + 3/(1 - -5). Suppose -c + 670 = n, 4*n - 24*c - 2705 = -i*c. What are the prime factors of n?
3, 5
Let g = 141 + 5. Suppose -4*s + 4*y - 54 = -g, -2*s = -5*y - 61. Suppose 2*k + 8 = s. List the prime factors of k.
5
Let m(l) be the second derivative of l**3/2 + 111*l**2/2 - 14*l. List the prime factors of m(35).
2, 3
Suppose 2*f + 2 = f. Let a(p) = -p**3 - p**2 - p - 1. Let o be a(f). Suppose -5 - o = -5*t. List the prime factors of t.
2
Let d(o) be the first derivative of o**4/4 - 8*o**3 - 45*o**2/2 - 27*o + 116. List the prime factors of d(27).
3, 5, 7
Suppose 0 = -8*g + 5*g. Suppose g = -8*a + a + 5586. What are the prime factors of a?
2, 3, 7, 19
Let n be -1 + 16 + 7*(-21)/(-49). Suppose -1074 = -21*f + n*f. What are the prime factors of f?
2, 179
Let g = -191 - -2971. List the prime factors of g.
2, 5, 139
Suppose 134*b + 2972101 - 9123639 = 0. List the prime factors of b.
29, 1583
Let q be (8/(-4) - 1) + 42 + -2. Suppose 10*n + 43 + q = 0. Let b = 166 + n. What are the prime factors of b?
2, 79
Suppose 9*v - 4*v - 59 = -c, 0 = -3*c + 5*v + 177. Let d = -55 + c. Suppose -7*b + 2*b = 5*r - 140, 3*r - d*b - 70 = 0. What are the prime factors of r?
2, 13
Suppose 3*t + 5*i - 151214 = 0, 4*i + 21 = 7*i. What are the prime factors of t?
7, 23, 313
Let j(f) = 627*f**2 + 21*f + 74. List the prime factors of j(-4).
2, 5011
Suppose 5 = r - 0*r. Suppose -m - u + 2 = 3, -r*m = -5*u - 35. List the prime factors of (2/m)/(1787/(-447) - -4).
2, 149
Let d be ((-8)/4)/((-80)/(-44) - 2). Suppose 372 = b + d. What are the prime factors of b?
19
Let l(u) = -u**2 + 12*u + 9943. What are the prime factors of l(0)?
61, 163
Let b be (-16)/(-6)*6/4. Suppose -6*k - 2*k + 64 = 0. Suppose b*z - 216 - k = 0. List the prime factors of z.
2, 7
Let r be 22/4 + -6 - 190/4. What are the prime factors of (r/6)/24 + 643/3?
2, 107
Suppose 70 = 12*d + 22. Suppose 2*k - 962 = -r, d*r - 328 = 2*k - 1310. List the prime factors of k.
3, 7, 23
Let b(k) be the second derivative of 17*k**3/6 + 11*k**2/2 - 11*k. Suppose 31*u - 38*u = -21. List the prime factors of b(u).
2, 31
Let y = -489 + 179. Let o = -81 - y. What are the prime factors of o?
229
Suppose -p - p - 36 = -2*b, -68 = -4*b + 2*p. What are the prime factors of b/3*(-2940)/(-112)?
2, 5, 7
Suppose -57*y = -60*y - 21. Let k(m) = -2*m + 86. List the prime factors of k(y).
2, 5
Let g(w) = w**3 - w**2 + 6*w - 11. Let o be g(2). Let m(h) = h**2 + 3*h - 10. Let d be m(-5). Suppose -785 = -o*f - d*f. What are the prime factors of f?
157
Let x = 356 + -350. What are the prime factors of (694/x)/(65/195)?
347
Let p be (-5194)/(-6) + ((-4)/(-3))/4. Let b = p - 609. What are the prime factors of b?
257
Let q = -258 - -258. Suppose p - 83 = -v, q = -45*p + 48*p - v - 265. List the prime factors of p.
3, 29
What are the prime factors of 5 + -7 + 8 + -1 + 10007?
2, 2503
List the prime factors of (-10 + (-30422)/(-28))*8.
2, 2153
Suppose -864 + 3065 = w - 3*j, -w + 2*j = -2197. What are the prime factors of w?
11, 199
Suppose -f - 11*k + 6867 = -8*k, 5*f = -5*k + 34385. List the prime factors of f.
2, 3, 31, 37
List the prime factors of (-1 - -14627) + (-13)/(143/121) + 16.
3, 4877
Let l be 6/(-4)*((-925)/(-15) + 3). Let w = l - -67. List the prime factors of w/(-25)*5/2.
3
Suppose 155610 = 44*x - 154678. List the prime factors of x.
2, 41, 43
Let j be (12/(-30))/((-3)/(-30)). Let w be (447/j)/(-1 + (-18)/(-24)). What are the prime factors of -4*(w/(-12) - 3)?
7, 23
Suppose -u + s + 9734 = -16975, -18*u - 2*s + 480902 = 0. List the prime factors of u.
2, 6679
Let w be (-4 + 21 + (-12)/(-3))/1. Suppose w = -26*g + 19*g. What are the prime factors of (-318*4/16)/(g/8)?
2, 53
Suppose -4*t - 4*j = -0*j - 456, 3*t - 326 = j. Suppose 0 = 101*r - t*r + 9297. List the prime factors of r.
1033
Suppose -2414 - 1352 = 14*d. Let m = d - -465. List the prime factors of m.
2, 7
Let h(a) = -a + 6. Let b be h(-5). Suppose b*u - 8*u = 1206. What are the prime factors of u?
2, 3, 67
Suppose 6*k + 784 = 5212. Let b = 1514 - k. What are the prime factors of b?
2, 97
Suppose 2*o - 2*n - 40 = 0, 4*n - 7*n - 3 = 0. Suppose 33*a = o*a + 3906. What are the prime factors of a?
3, 31
What are the prime factors of 4/(-10) + (-174476)/(-265)?
2, 7, 47
Suppose -a - 9*a = -90. Suppose a*u + 711 = 6*u. Let z = -100 - u. What are the prime factors of z?
137
Let k = -49 - -46. List the prime factors of ((-230)/k)/(9/(3 - -24)).
2, 5, 23
Suppose 63*x - 24893 = 58*x - 2*o, -2*x + 5*o + 9934 = 0. What are the prime factors of x?
3, 7, 79
Suppose -2*n - 14 = -3*m - 3*n, 0 = 3*m - n - 10. Suppose 5*p - 180 = m*p. What are the prime factors of p?
2, 3, 5
Let d be -1 + (-28)/(-21) + (-992)/(-3). Suppose -c + 9*v + d = 4*v, -c - 3*v = -331. List the prime factors of c.
331
Suppose 361*r + 135480 = 391*r. List the prime factors of r.
2, 1129
Let s = 595 - 1399. Let k = 2 - s. What are the prime factors of (k/91)/(2/14)?
2, 31
Suppose 8 = -u + 5*u. Suppose 0 = -u*v + v - 4*r - 3, -4*v - 3*r = 12. Let x = 19 + v. List the prime factors of x.
2
Let y(b) = 239*b + 4199. What are the prime factors of y(54)?
5, 11, 311
Let y(i) = 127*i**2 + 13*i - 30. Let h be y(6). Suppose -118*r = -104*r - h. List the prime factors of r.
2, 3, 5, 11
Let a(j) be the first derivative of -5*j**2 + j - 7. Let s(z) = 10*z - 2. Let y(l) = 2*a(l) + 3*s(l). List the prime factors of y(7).
2, 3, 11
Let i be ((-180)/(-80))/((-6)/(-8)). Let o(p) be the third derivative of 13*p**4/24 - p**3/2 - p**2. What are the prime factors of o(i)?
2, 3
List the prime factors of 30/40 + 6 + 175062/24.
7, 149
Suppose o + 7749 = 10*o. What are the prime factors of o/6*20/7?
2, 5, 41
Suppose 2*v - 47*r - 11172 = -52*r, v - 5564 = 3*r. What are the prime factors of v?
2, 17, 41
What are the prime factors of (-74)/370 - (-14002)/10?
2, 5, 7
List the prime factors of (-24466440)/(-279) + 12/(-15)*5/(-6).
2, 163, 269
Let u(v) = -162 + 372*v**2 + 326 - 166. What are the prime factors of u(-2)?
2, 743
Let g(y) = 2*y**2 + 14*y - 8. Le